n factor of h and 52.
13
Let v(y) = 4*y**2 - 9*y - 6. Let m be v(-7). Let z = m - 103. Calculate the greatest common divisor of 25 and z.
25
Let h be 3*(-10)/(-135) - (-48)/27. Calculate the greatest common divisor of h and 2.
2
Let x = -963 + 2065. Suppose -2*m + 222 = d, 5*d + 5*m = 3*m + x. What is the highest common divisor of d and 20?
20
Let n be (0 - 1/1)*-5. Suppose 281 = n*m - u, u - 4 = -5. Suppose w = 5*v - 0*v - 17, 5*v - 25 = 0. Calculate the highest common factor of w and m.
8
Suppose -2*s - 6 + 46 = 0. What is the greatest common divisor of s and 30?
10
Let k(t) = -t**2 + 6*t - 2. Let r be k(4). Let u = -62 + 128. Calculate the highest common divisor of u and r.
6
Let v(n) = -n**2 - 9*n + 6. Let l = 18 - 25. Let m be v(l). Calculate the highest common factor of 10 and m.
10
Suppose 4*s - 2*k - 68 = 2*k, 5*k - 55 = -5*s. Suppose 4*b + 3*y = s, -y = -2*b + y. Calculate the highest common factor of 22 and b.
2
Suppose -p + 11 = -2*v + 5*v, -8 = 2*p - 4*v. What is the highest common divisor of 30 and p?
2
Let x be (-32)/(-3)*(-5 + 164/16). What is the greatest common factor of 7 and x?
7
Suppose 19 = x - 4*s + 7, 0 = 3*x - 3*s - 27. Suppose -3*k + 274 - 58 = 0. Calculate the greatest common factor of x and k.
8
Let d(g) = -g**2 - 16*g. Let b be d(-15). Calculate the greatest common factor of 10 and b.
5
Let k = -3 + -1. Let g be (k/(-6))/((-6)/(-99)). Calculate the greatest common factor of g and 1.
1
Let c(n) = n**2 - 9*n - 7. Let z be c(7). Let y = z - -39. What is the highest common factor of y and 126?
18
Let l be (-141)/(-12) - (-1)/4. Let r = 6 + -4. Let t be 0*(r - 1) - -84. Calculate the highest common divisor of t and l.
12
Let p(l) = -49*l + 3. Let w be p(-3). Suppose w = 2*x + 3*x. Let g = 21 - 6. Calculate the greatest common factor of x and g.
15
Let g be (6 + -2)*90/8. Let h = -39 + 48. Calculate the highest common divisor of g and h.
9
Let w = 20 + 19. Let p = w - 17. Calculate the greatest common factor of 11 and p.
11
Suppose -i = 4*i - 455. Let v(q) = -5*q - 2. Let o be v(-3). Calculate the highest common factor of i and o.
13
Let m be ((-2)/6)/((-2)/702). Calculate the greatest common divisor of m and 26.
13
Suppose 3*k = -15 - 0. Let s(t) = t**2 + 4*t - 3. Let h be s(k). Suppose 90 = -r + 6*r. Calculate the greatest common divisor of h and r.
2
Suppose -x + 0 = 1. Let k be (0 - x)*-1*-171. What is the greatest common divisor of k and 19?
19
Suppose -5*n - p = -n - 173, -5*p + 205 = 5*n. Suppose 0 = 3*y + 2*y + a - 61, 0 = -4*y - 2*a + n. Let h = y - 2. What is the highest common factor of h and 33?
11
Let l(y) = -35*y**2 + y - 2. Let x be l(-2). Let z = x + 38. Let a be 4/18 + z/(-9). Calculate the greatest common divisor of a and 6.
6
Suppose b + 22 = 92. Let a(q) = 4*q - 4 + 2*q + 2*q - q. Let x be a(2). Calculate the greatest common divisor of x and b.
10
Suppose 5*f + s = 424, s - 304 = 5*f - 720. Let n = 140 - f. Let x = -2 + 10. What is the greatest common divisor of x and n?
8
Let r = 20 + 4. What is the greatest common factor of 80 and r?
8
Let l = -100 - -101. What is the highest common divisor of 8 and l?
1
Let n be 88 + 3 + 3 + -6. What is the highest common divisor of 11 and n?
11
Let y be ((-15)/10)/((-4)/8). What is the highest common factor of y and 1?
1
Let q(l) = -1 + 7*l - 4 + 0*l + l**2 - 2*l**2. Let f be q(5). Suppose -g + 47 - 7 = 0. Calculate the highest common divisor of f and g.
5
Let i(p) = -9*p. Let l = -22 - -32. Let g be (12/(-15))/(2/l). Let r be i(g). What is the highest common factor of 18 and r?
18
Suppose 3*n = -2*x + x + 63, 0 = 4*x - 3*n - 252. Let z be ((-4)/(-2))/((-4)/(-32)). Suppose 2 = 2*b - z. What is the highest common divisor of x and b?
9
Let d = 33 - -19. What is the greatest common factor of d and 78?
26
Let g be (-15)/6 + (-2)/4. Let u = g - -5. Suppose 4*q = -2*r + 7 + 59, -81 = -5*q - u*r. Calculate the greatest common factor of 135 and q.
15
Suppose 4*l = 3*c - 0*c - 218, 0 = -2*c + 4*l + 140. What is the highest common divisor of c and 26?
26
Let l(r) = -r**3 - 11*r**2 + 13*r + 18. Let h be l(-12). What is the greatest common factor of h and 24?
6
Let v = 43 + -18. Suppose 5*j - v = 70. What is the greatest common factor of 19 and j?
19
Let p = 11 + 4. Let t(a) = -a + 5. Let z be t(0). Calculate the highest common divisor of p and z.
5
Suppose -2*q - q - 2*n - 5 = 0, -7 = q - 2*n. Let v be (7/3)/((-1)/q). Let b(t) = t - 3. Let a be b(v). Calculate the highest common factor of 12 and a.
4
Let y be 2 + 192/(-3) - 2. Let z = 124 + y. Calculate the highest common divisor of 20 and z.
20
Let h = -6 - -9. Let x be h - -53*(-4)/(-4). Calculate the greatest common divisor of x and 7.
7
Let m be -2*1/(4/(-18)). Let o = 15 + m. Calculate the greatest common factor of 36 and o.
12
Let p(l) = -2*l**3 - 3*l**2 - 2*l + 1. Let z be p(-2). Suppose -z = -3*t, -c + 2 - 4 = -2*t. Calculate the highest common factor of c and 4.
4
Suppose l - 6 = -3. Let q(b) = -3*b - b**3 + 2*b + 60 + 3*b**l - b**3. Let v be q(0). Calculate the greatest common factor of 24 and v.
12
Let i(f) = 4*f**2 + 9*f + 13. Let p be i(-3). Calculate the greatest common factor of 242 and p.
22
Let f(j) = j + 3. Let l be f(0). Suppose 51 = q - l*r - 44, -345 = -4*q + 5*r. What is the highest common factor of 10 and q?
10
Suppose 0 = 2*n + a - 34, 5*n - a - 82 = -2*a. Calculate the highest common divisor of n and 24.
8
Let t = -15 + 26. What is the highest common divisor of t and 66?
11
Suppose -1118 = 5*n - 3478. Let q = n - 164. Suppose 0 = -2*t - 0*t + q. Calculate the greatest common factor of t and 14.
14
Let s = -6 - -1. Let w(t) = -t**3 - 5*t**2 - 2*t - 3. Let v be w(s). Calculate the greatest common divisor of v and 49.
7
Suppose -z + 6 = -14. What is the highest common factor of z and 10?
10
Suppose 0 = -y - 2*g + 9, -14 = 3*y - g - 55. Calculate the highest common divisor of y and 52.
13
Suppose 4*v - 4 = -0. Let j(r) = 1 + r**3 - 5*r**2 + 6*r**3 + 4*r**2. Let x be j(v). Calculate the highest common factor of 56 and x.
7
Suppose 3*d + 0*p + 5*p = 91, 0 = 3*p - 6. What is the greatest common factor of 9 and d?
9
Suppose 5*d + 52 + 148 = 4*f, 2*d = -2*f + 82. Suppose -4*s = -l - 3, -2*l = s - 16 + 4. Calculate the greatest common divisor of f and l.
5
Let z be -2 - (-1 + -1) - -80. What is the highest common factor of z and 16?
16
Let x be 61/7 + 6/21. Calculate the greatest common divisor of 90 and x.
9
Let w = -49 - -85. Suppose -4*z - 36 = -2*d, -d = -3*z - 14 - 1. What is the greatest common divisor of w and d?
12
Suppose -9*x = -3*x - 276. What is the greatest common factor of 506 and x?
46
Suppose -2*j = 3*j - 25. Let l = 1 - 1. Suppose -r + l*r + 25 = 0. Calculate the highest common factor of j and r.
5
Let k = 223 - 36. What is the greatest common factor of 17 and k?
17
Suppose -7*l + 4*l = -30. Calculate the greatest common factor of l and 10.
10
Let a = 6 - 4. Let w be a - (-3 + 5) - 0. Suppose -20 = -2*i - w. What is the greatest common divisor of 50 and i?
10
Let h = 15 - 1. Calculate the highest common factor of h and 154.
14
Let i = 6 - 13. Let v = i + 11. Let b be 6/(3/42*3). Calculate the greatest common divisor of b and v.
4
Let a(t) = -t**2 + 2*t. Let s be a(1). Suppose 25 = 4*g + s. Let o be 3 - (0/2)/(-1). What is the greatest common factor of g and o?
3
Suppose 94 + 36 = k. Let z = k - 49. What is the highest common divisor of 9 and z?
9
Suppose 0 = -g + 80. Let x = g - 46. Calculate the greatest common factor of 102 and x.
34
Suppose -4*s + 3*p + 70 = 0, -86 = -5*s + 6*p - 3*p. Calculate the highest common divisor of s and 1.
1
Suppose 0 = -15*u + 19*u - 12. Calculate the greatest common factor of u and 3.
3
Suppose 0 = -6*j + 5*j + 75. Let k = -22 - -52. What is the highest common divisor of k and j?
15
Suppose 2*z - 6 = -z. Let a be 9/(-7) + 6/21. Let r(o) = 3*o**2 - 2*o - 1. Let j be r(a). Calculate the greatest common factor of j and z.
2
Let m(c) = c - 9. Let w be m(11). Suppose 2 = 5*x + 4*t, -t + w = 4*x - 2*x. Calculate the highest common divisor of 3 and x.
1
Let s be 17 - (2 + 2 + -1). Calculate the greatest common factor of 14 and s.
14
Suppose 106 + 86 = 4*q. Calculate the greatest common factor of 6 and q.
6
Suppose 0 = -3*w - 0*w + 12, -12 = z - 3*w. Let d(j) = 0 + 